{"id":5575,"date":"2023-03-28T14:21:15","date_gmt":"2023-03-28T13:21:15","guid":{"rendered":"https:\/\/www.ecoloj.be\/goforclimatejustice\/jump\/?page_id=5575"},"modified":"2025-07-22T12:42:49","modified_gmt":"2025-07-22T11:42:49","slug":"notre-regard-sur-les-handicaps","status":"publish","type":"page","link":"https:\/\/www.ecoloj.be\/goforclimatejustice\/jump\/","title":{"rendered":"Dernier num\u00e9ro : Jump #30 &#8211; Immigration"},"content":{"rendered":"<p><a href=\"https:\/\/issuu.com\/ecoloj\/docs\/jump_30_immigration\" target=\"_blank\" rel=\"noopener\"><img decoding=\"async\" loading=\"lazy\" class=\"alignnone wp-image-5910 size-medium\" src=\"https:\/\/www.ecoloj.be\/goforclimatejustice\/jump\/wp-content\/uploads\/sites\/3\/2025\/07\/blog-jump-image-acueuil-744x391.png\" alt=\"jump immigration\" width=\"744\" height=\"391\" srcset=\"https:\/\/www.ecoloj.be\/goforclimatejustice\/jump\/wp-content\/uploads\/sites\/3\/2025\/07\/blog-jump-image-acueuil-744x391.png 744w, https:\/\/www.ecoloj.be\/goforclimatejustice\/jump\/wp-content\/uploads\/sites\/3\/2025\/07\/blog-jump-image-acueuil-420x221.png 420w, https:\/\/www.ecoloj.be\/goforclimatejustice\/jump\/wp-content\/uploads\/sites\/3\/2025\/07\/blog-jump-image-acueuil-768x403.png 768w, https:\/\/www.ecoloj.be\/goforclimatejustice\/jump\/wp-content\/uploads\/sites\/3\/2025\/07\/blog-jump-image-acueuil-690x362.png 690w, https:\/\/www.ecoloj.be\/goforclimatejustice\/jump\/wp-content\/uploads\/sites\/3\/2025\/07\/blog-jump-image-acueuil-980x515.png 980w, https:\/\/www.ecoloj.be\/goforclimatejustice\/jump\/wp-content\/uploads\/sites\/3\/2025\/07\/blog-jump-image-acueuil.png 1200w\" sizes=\"(max-width: 744px) 100vw, 744px\" \/><\/a><\/p>\n<p><strong>\u00c0 feuilleter en ligne sur <a href=\"https:\/\/issuu.com\/ecoloj\/docs\/jump_30_immigration\" target=\"_blank\" rel=\"noopener\">https:\/\/issuu.com\/ecoloj\/docs\/jump_30_immigration<\/a>\u00a0<\/strong><\/p>\n<p>Ou directement sur le blog jump :<a href=\"https:\/\/www.ecoloj.be\/goforclimatejustice\/jump\/category\/immigration\/\"><strong> https:\/\/www.ecoloj.be\/goforclimatejustice\/jump\/category\/immigration\/\u00a0<\/strong><\/a><\/p>\n<p>Dans cette 30\u00e8me \u00e9dition du journal Jump, les membres d&rsquo;\u00e9colo j se penchent sur la th\u00e9matique de l&rsquo;immigration. En relayant les exp\u00e9riences et enjeux de la migration, l&rsquo;installation en Belgique, les in\u00e9galit\u00e9s et discriminations syst\u00e9miques et institutionnelles, nos membres souhaitent apporter<span style=\"color: #99cc00;\"><strong> un regard critique et centr\u00e9 sur l&rsquo;humain<\/strong> <\/span>et vous invitent \u00e0 <span style=\"color: #99cc00;\"><strong>penser cette th\u00e9matique au del\u00e0 de son instrumentalisation dans les discours r\u00e9actionnaires.<\/strong><\/span><\/p>\n<p>&nbsp;<\/p>\n","protected":false},"excerpt":{"rendered":"<p>\u00c0 feuilleter en ligne sur https:\/\/issuu.com\/ecoloj\/docs\/jump_30_immigration\u00a0 Ou directement sur le blog jump : https:\/\/www.ecoloj.be\/goforclimatejustice\/jump\/category\/immigration\/\u00a0 Dans cette 30\u00e8me \u00e9dition du journal Jump, les membres d&rsquo;\u00e9colo j se penchent sur la th\u00e9matique [&hellip;]<\/p>\n","protected":false},"author":1,"featured_media":5586,"parent":0,"menu_order":0,"comment_status":"closed","ping_status":"closed","template":"templates\/full-width-page.php","meta":[],"acf":[],"yoast_head":"<!-- This site is optimized with the Yoast SEO plugin v20.1 - https:\/\/yoast.com\/wordpress\/plugins\/seo\/ -->\n<title>Dernier num\u00e9ro : Jump #30 - Immigration - Jump<\/title>\n<meta name=\"description\" content=\"Dans cette \u00e9dition du JUMP, nous avons souhait\u00e9 permettre \u00e0 nos membres qui sont atteints\u2027es d\u2019un ou plusieurs handicaps \u2013 ou amen\u00e9\u2027es \u00e0 les conna\u00eetre de par leur quotidien \u2013 de s\u2019exprimer sur le sujet et de pouvoir adresser un message sur leur v\u00e9cu, leurs difficult\u00e9s face \u00e0 la soci\u00e9t\u00e9 et les \u00e9ventuelles solutions propos\u00e9es face \u00e0 celles-ci.\" \/>\n<meta name=\"robots\" content=\"index, follow, max-snippet:-1, max-image-preview:large, max-video-preview:-1\" \/>\n<link rel=\"canonical\" href=\"https:\/\/www.ecoloj.be\/goforclimatejustice\/jump\/\" \/>\n<meta property=\"og:locale\" content=\"fr_FR\" \/>\n<meta property=\"og:type\" content=\"article\" \/>\n<meta property=\"og:title\" content=\"Notre regard sur les handicaps\" \/>\n<meta property=\"og:description\" content=\"Dans cette \u00e9dition du JUMP, nous avons souhait\u00e9 permettre \u00e0 nos membres qui sont atteints\u2027es d\u2019un ou plusieurs handicaps \u2013 ou amen\u00e9\u2027es \u00e0 les conna\u00eetre de par leur quotidien \u2013 de s\u2019exprimer sur le sujet et de pouvoir adresser un message sur leur v\u00e9cu, leurs difficult\u00e9s face \u00e0 la soci\u00e9t\u00e9 et les \u00e9ventuelles solutions propos\u00e9es face \u00e0 celles-ci.\" \/>\n<meta property=\"og:url\" content=\"https:\/\/www.ecoloj.be\/goforclimatejustice\/jump\/\" \/>\n<meta property=\"og:site_name\" content=\"Jump\" \/>\n<meta property=\"article:publisher\" content=\"https:\/\/www.facebook.com\/ecolojfederal\" \/>\n<meta property=\"article:modified_time\" content=\"2025-07-22T11:42:49+00:00\" \/>\n<meta property=\"og:image\" content=\"https:\/\/www.ecoloj.be\/goforclimatejustice\/jump\/wp-content\/uploads\/sites\/3\/2023\/03\/BLOG-JUMP-29-COVER-PARTAGE-RS.jpg\" \/>\n\t<meta property=\"og:image:width\" content=\"1200\" \/>\n\t<meta property=\"og:image:height\" content=\"630\" \/>\n\t<meta property=\"og:image:type\" content=\"image\/jpeg\" \/>\n<meta name=\"twitter:card\" content=\"summary_large_image\" \/>\n<meta name=\"twitter:title\" content=\"Notre regard sur les handicaps\" \/>\n<meta name=\"twitter:description\" content=\"Dans cette \u00e9dition du JUMP, nous avons souhait\u00e9 permettre \u00e0 nos membres qui sont atteints\u2027es d\u2019un ou plusieurs handicaps \u2013 ou amen\u00e9\u2027es \u00e0 les conna\u00eetre de par leur quotidien \u2013 de s\u2019exprimer sur le sujet et de pouvoir adresser un message sur leur v\u00e9cu, leurs difficult\u00e9s face \u00e0 la soci\u00e9t\u00e9 et les \u00e9ventuelles solutions propos\u00e9es face \u00e0 celles-ci.\" \/>\n<meta name=\"twitter:image\" content=\"https:\/\/www.ecoloj.be\/goforclimatejustice\/jump\/wp-content\/uploads\/sites\/3\/2023\/03\/BLOG-JUMP-29-COVER-PARTAGE-RS.jpg\" \/>\n<meta name=\"twitter:site\" content=\"@ecoloj\" \/>\n<meta name=\"twitter:label1\" content=\"Dur\u00e9e de lecture estim\u00e9e\" \/>\n\t<meta name=\"twitter:data1\" content=\"1 minute\" \/>\n<script type=\"application\/ld+json\" class=\"yoast-schema-graph\">{\"@context\":\"https:\/\/schema.org\",\"@graph\":[{\"@type\":\"WebPage\",\"@id\":\"https:\/\/www.ecoloj.be\/goforclimatejustice\/jump\/\",\"url\":\"https:\/\/www.ecoloj.be\/goforclimatejustice\/jump\/\",\"name\":\"Dernier num\u00e9ro : Jump #30 - Immigration - Jump\",\"isPartOf\":{\"@id\":\"http:\/\/www.ecoloj.be\/goforclimatejustice\/jump\/#website\"},\"datePublished\":\"2023-03-28T13:21:15+00:00\",\"dateModified\":\"2025-07-22T11:42:49+00:00\",\"description\":\"Dans cette \u00e9dition du JUMP, nous avons souhait\u00e9 permettre \u00e0 nos membres qui sont atteints\u2027es d\u2019un ou plusieurs handicaps \u2013 ou amen\u00e9\u2027es \u00e0 les conna\u00eetre de par leur quotidien \u2013 de s\u2019exprimer sur le sujet et de pouvoir adresser un message sur leur v\u00e9cu, leurs difficult\u00e9s face \u00e0 la soci\u00e9t\u00e9 et les \u00e9ventuelles solutions propos\u00e9es face \u00e0 celles-ci.\",\"breadcrumb\":{\"@id\":\"https:\/\/www.ecoloj.be\/goforclimatejustice\/jump\/#breadcrumb\"},\"inLanguage\":\"fr-FR\",\"potentialAction\":[{\"@type\":\"ReadAction\",\"target\":[\"https:\/\/www.ecoloj.be\/goforclimatejustice\/jump\/\"]}]},{\"@type\":\"BreadcrumbList\",\"@id\":\"https:\/\/www.ecoloj.be\/goforclimatejustice\/jump\/#breadcrumb\",\"itemListElement\":[{\"@type\":\"ListItem\",\"position\":1,\"name\":\"Accueil\",\"item\":\"https:\/\/www.ecoloj.be\/goforclimatejustice\/jump\/\"},{\"@type\":\"ListItem\",\"position\":2,\"name\":\"Dernier num\u00e9ro : Jump #30 &#8211; Immigration\"}]},{\"@type\":\"WebSite\",\"@id\":\"http:\/\/www.ecoloj.be\/goforclimatejustice\/jump\/#website\",\"url\":\"http:\/\/www.ecoloj.be\/goforclimatejustice\/jump\/\",\"name\":\"Jump\",\"description\":\"le magazine d&#039;\u00e9colo j\",\"potentialAction\":[{\"@type\":\"SearchAction\",\"target\":{\"@type\":\"EntryPoint\",\"urlTemplate\":\"http:\/\/www.ecoloj.be\/goforclimatejustice\/jump\/?s={search_term_string}\"},\"query-input\":\"required name=search_term_string\"}],\"inLanguage\":\"fr-FR\"},{\"@type\":\"Person\",\"@id\":\"http:\/\/www.ecoloj.be\/goforclimatejustice\/jump\/#\/schema\/person\/d446455b3380cf447b60dba1c03e8f68\",\"name\":\"Mag\",\"image\":{\"@type\":\"ImageObject\",\"inLanguage\":\"fr-FR\",\"@id\":\"http:\/\/www.ecoloj.be\/goforclimatejustice\/jump\/#\/schema\/person\/image\/\",\"url\":\"https:\/\/secure.gravatar.com\/avatar\/c95497fba818472f4d5f745599a3d0be?s=96&d=mm&r=g\",\"contentUrl\":\"https:\/\/secure.gravatar.com\/avatar\/c95497fba818472f4d5f745599a3d0be?s=96&d=mm&r=g\",\"caption\":\"Mag\"},\"url\":\"https:\/\/www.ecoloj.be\/goforclimatejustice\/jump\/author\/mag_first_victory\/\"}]}<\/script>\n<!-- \/ Yoast SEO plugin. -->","yoast_head_json":{"title":"Dernier num\u00e9ro : Jump #30 - Immigration - Jump","description":"Dans cette \u00e9dition du JUMP, nous avons souhait\u00e9 permettre \u00e0 nos membres qui sont atteints\u2027es d\u2019un ou plusieurs handicaps \u2013 ou amen\u00e9\u2027es \u00e0 les conna\u00eetre de par leur quotidien \u2013 de s\u2019exprimer sur le sujet et de pouvoir adresser un message sur leur v\u00e9cu, leurs difficult\u00e9s face \u00e0 la soci\u00e9t\u00e9 et les \u00e9ventuelles solutions propos\u00e9es face \u00e0 celles-ci.","robots":{"index":"index","follow":"follow","max-snippet":"max-snippet:-1","max-image-preview":"max-image-preview:large","max-video-preview":"max-video-preview:-1"},"canonical":"https:\/\/www.ecoloj.be\/goforclimatejustice\/jump\/","og_locale":"fr_FR","og_type":"article","og_title":"Notre regard sur les handicaps","og_description":"Dans cette \u00e9dition du JUMP, nous avons souhait\u00e9 permettre \u00e0 nos membres qui sont atteints\u2027es d\u2019un ou plusieurs handicaps \u2013 ou amen\u00e9\u2027es \u00e0 les conna\u00eetre de par leur quotidien \u2013 de s\u2019exprimer sur le sujet et de pouvoir adresser un message sur leur v\u00e9cu, leurs difficult\u00e9s face \u00e0 la soci\u00e9t\u00e9 et les \u00e9ventuelles solutions propos\u00e9es face \u00e0 celles-ci.","og_url":"https:\/\/www.ecoloj.be\/goforclimatejustice\/jump\/","og_site_name":"Jump","article_publisher":"https:\/\/www.facebook.com\/ecolojfederal","article_modified_time":"2025-07-22T11:42:49+00:00","og_image":[{"width":1200,"height":630,"url":"https:\/\/www.ecoloj.be\/goforclimatejustice\/jump\/wp-content\/uploads\/sites\/3\/2023\/03\/BLOG-JUMP-29-COVER-PARTAGE-RS.jpg","type":"image\/jpeg"}],"twitter_card":"summary_large_image","twitter_title":"Notre regard sur les handicaps","twitter_description":"Dans cette \u00e9dition du JUMP, nous avons souhait\u00e9 permettre \u00e0 nos membres qui sont atteints\u2027es d\u2019un ou plusieurs handicaps \u2013 ou amen\u00e9\u2027es \u00e0 les conna\u00eetre de par leur quotidien \u2013 de s\u2019exprimer sur le sujet et de pouvoir adresser un message sur leur v\u00e9cu, leurs difficult\u00e9s face \u00e0 la soci\u00e9t\u00e9 et les \u00e9ventuelles solutions propos\u00e9es face \u00e0 celles-ci.","twitter_image":"https:\/\/www.ecoloj.be\/goforclimatejustice\/jump\/wp-content\/uploads\/sites\/3\/2023\/03\/BLOG-JUMP-29-COVER-PARTAGE-RS.jpg","twitter_site":"@ecoloj","twitter_misc":{"Dur\u00e9e de lecture estim\u00e9e":"1 minute"},"schema":{"@context":"https:\/\/schema.org","@graph":[{"@type":"WebPage","@id":"https:\/\/www.ecoloj.be\/goforclimatejustice\/jump\/","url":"https:\/\/www.ecoloj.be\/goforclimatejustice\/jump\/","name":"Dernier num\u00e9ro : Jump #30 - Immigration - Jump","isPartOf":{"@id":"http:\/\/www.ecoloj.be\/goforclimatejustice\/jump\/#website"},"datePublished":"2023-03-28T13:21:15+00:00","dateModified":"2025-07-22T11:42:49+00:00","description":"Dans cette \u00e9dition du JUMP, nous avons souhait\u00e9 permettre \u00e0 nos membres qui sont atteints\u2027es d\u2019un ou plusieurs handicaps \u2013 ou amen\u00e9\u2027es \u00e0 les conna\u00eetre de par leur quotidien \u2013 de s\u2019exprimer sur le sujet et de pouvoir adresser un message sur leur v\u00e9cu, leurs difficult\u00e9s face \u00e0 la soci\u00e9t\u00e9 et les \u00e9ventuelles solutions propos\u00e9es face \u00e0 celles-ci.","breadcrumb":{"@id":"https:\/\/www.ecoloj.be\/goforclimatejustice\/jump\/#breadcrumb"},"inLanguage":"fr-FR","potentialAction":[{"@type":"ReadAction","target":["https:\/\/www.ecoloj.be\/goforclimatejustice\/jump\/"]}]},{"@type":"BreadcrumbList","@id":"https:\/\/www.ecoloj.be\/goforclimatejustice\/jump\/#breadcrumb","itemListElement":[{"@type":"ListItem","position":1,"name":"Accueil","item":"https:\/\/www.ecoloj.be\/goforclimatejustice\/jump\/"},{"@type":"ListItem","position":2,"name":"Dernier num\u00e9ro : Jump #30 &#8211; Immigration"}]},{"@type":"WebSite","@id":"http:\/\/www.ecoloj.be\/goforclimatejustice\/jump\/#website","url":"http:\/\/www.ecoloj.be\/goforclimatejustice\/jump\/","name":"Jump","description":"le magazine d&#039;\u00e9colo j","potentialAction":[{"@type":"SearchAction","target":{"@type":"EntryPoint","urlTemplate":"http:\/\/www.ecoloj.be\/goforclimatejustice\/jump\/?s={search_term_string}"},"query-input":"required name=search_term_string"}],"inLanguage":"fr-FR"},{"@type":"Person","@id":"http:\/\/www.ecoloj.be\/goforclimatejustice\/jump\/#\/schema\/person\/d446455b3380cf447b60dba1c03e8f68","name":"Mag","image":{"@type":"ImageObject","inLanguage":"fr-FR","@id":"http:\/\/www.ecoloj.be\/goforclimatejustice\/jump\/#\/schema\/person\/image\/","url":"https:\/\/secure.gravatar.com\/avatar\/c95497fba818472f4d5f745599a3d0be?s=96&d=mm&r=g","contentUrl":"https:\/\/secure.gravatar.com\/avatar\/c95497fba818472f4d5f745599a3d0be?s=96&d=mm&r=g","caption":"Mag"},"url":"https:\/\/www.ecoloj.be\/goforclimatejustice\/jump\/author\/mag_first_victory\/"}]}},"_links":{"self":[{"href":"https:\/\/www.ecoloj.be\/goforclimatejustice\/jump\/wp-json\/wp\/v2\/pages\/5575"}],"collection":[{"href":"https:\/\/www.ecoloj.be\/goforclimatejustice\/jump\/wp-json\/wp\/v2\/pages"}],"about":[{"href":"https:\/\/www.ecoloj.be\/goforclimatejustice\/jump\/wp-json\/wp\/v2\/types\/page"}],"author":[{"embeddable":true,"href":"https:\/\/www.ecoloj.be\/goforclimatejustice\/jump\/wp-json\/wp\/v2\/users\/1"}],"replies":[{"embeddable":true,"href":"https:\/\/www.ecoloj.be\/goforclimatejustice\/jump\/wp-json\/wp\/v2\/comments?post=5575"}],"version-history":[{"count":24,"href":"https:\/\/www.ecoloj.be\/goforclimatejustice\/jump\/wp-json\/wp\/v2\/pages\/5575\/revisions"}],"predecessor-version":[{"id":5911,"href":"https:\/\/www.ecoloj.be\/goforclimatejustice\/jump\/wp-json\/wp\/v2\/pages\/5575\/revisions\/5911"}],"wp:featuredmedia":[{"embeddable":true,"href":"https:\/\/www.ecoloj.be\/goforclimatejustice\/jump\/wp-json\/wp\/v2\/media\/5586"}],"wp:attachment":[{"href":"https:\/\/www.ecoloj.be\/goforclimatejustice\/jump\/wp-json\/wp\/v2\/media?parent=5575"}],"curies":[{"name":"wp","href":"https:\/\/api.w.org\/{rel}","templated":true}]}}